What is the units digit of 18443?
3
What is the hundreds digit of 618?
6
What is the units digit of 33532?
2
What is the units digit of 2009?
9
What is the units digit of 4932?
2
What is the thousands digit of 23697?
3
What is the hundreds digit of 5429?
4
What is the tens digit of 2849?
4
What is the thousands digit of 1310?
1
What is the tens digit of 37794?
9
What is the tens digit of 880?
8
What is the hundreds digit of 49772?
7
What is the units digit of 2444?
4
What is the ten thousands digit of 11138?
1
What is the tens digit of 2287?
8
What is the thousands digit of 16381?
6
What is the thousands digit of 2118?
2
What is the hundreds digit of 4439?
4
What is the tens digit of 41001?
0
What is the hundreds digit of 3983?
9
What is the thousands digit of 2078?
2
What is the thousands digit of 1469?
1
What is the tens digit of 1559?
5
What is the tens digit of 4543?
4
What is the units digit of 2488?
8
What is the units digit of 10944?
4
What is the tens digit of 9884?
8
What is the ten thousands digit of 50862?
5
What is the tens digit of 26096?
9
What is the hundreds digit of 133119?
1
What is the ten thousands digit of 48741?
4
What is the units digit of 4983?
3
What is the thousands digit of 13646?
3
What is the units digit of 408?
8
What is the units digit of 10069?
9
What is the units digit of 52618?
8
What is the tens digit of 6136?
3
What is the hundreds digit of 945?
9
What is the hundreds digit of 354?
3
What is the thousands digit of 1020?
1
What is the units digit of 668?
8
What is the hundreds digit of 5634?
6
What is the units digit of 12348?
8
What is the thousands digit of 15808?
5
What is the tens digit of 30000?
0
What is the thousands digit of 2521?
2
What is the hundreds digit of 2471?
4
What is the tens digit of 35?
3
What is the units digit of 44005?
5
What is the units digit of 71?
1
What is the units digit of 1909?
9
What is the thousands digit of 5311?
5
What is the thousands digit of 23933?
3
What is the hundreds digit of 554?
5
What is the units digit of 1674?
4
What is the thousands digit of 2690?
2
What is the hundreds digit of 442?
4
What is the ten thousands digit of 19413?
1
What is the tens digit of 2396?
9
What is the units digit of 1025?
5
What is the tens digit of 2098?
9
What is the ten thousands digit of 11158?
1
What is the thousands digit of 6861?
6
What is the units digit of 410?
0
What is the hundreds digit of 32462?
4
What is the hundreds digit of 5142?
1
What is the hundreds digit of 4793?
7
What is the ten thousands digit of 18612?
1
What is the units digit of 3553?
3
What is the hundreds digit of 9029?
0
What is the thousands digit of 39785?
9
What is the units digit of 8146?
6
What is the units digit of 9461?
1
What is the thousands digit of 5741?
5
What is the hundreds digit of 5171?
1
What is the hundreds digit of 863?
8
What is the hundreds digit of 1438?
4
What is the units digit of 622?
2
What is the ten thousands digit of 92196?
9
What is the ten thousands digit of 88036?
8
What is the units digit of 3161?
1
What is the thousands digit of 4416?
4
What is the units digit of 2278?
8
What is the tens digit of 50294?
9
What is the hundreds digit of 244?
2
What is the hundreds digit of 8256?
2
What is the thousands digit of 2177?
2
What is the tens digit of 24960?
6
What is the tens digit of 12036?
3
What is the thousands digit of 1145?
1
What is the tens digit of 163019?
1
What is the tens digit of 9351?
5
What is the units digit of 2071?
1
What is the hundred thousands digit of 124258?
1
What is the hundreds digit of 7282?
2
What is the ten thousands digit of 13430?
1
What is the units digit of 22259?
9
What is the tens digit of 1184?
8
What is the hundreds digit of 6816?
8
What is the thousands digit of 58981?
8
What is the hundreds digit of 112?
1
What is the thousands digit of 83198?
3
What is the ten thousands digit of 10874?
1
What is the units digit of 10599?
9
What is the thousands digit of 29583?
9
What is the hundreds digit of 1239?
2
What is the units digit of 2668?
8
What is the tens digit of 1042?
4
What is the hundreds digit of 9217?
2
What is the tens digit of 3374?
7
What is the hundreds digit of 4551?
5
What is the tens digit of 50514?
1
What is the thousands digit of 3211?
3
What is the thousands digit of 2649?
2
What is the thousands digit of 12098?
2
What is the units digit of 13?
3
What is the units digit of 3904?
4
What is the thousands digit of 123387?
3
What is the units digit of 408?
8
What is the tens digit of 575?
7
What is the units digit of 37?
7
What is the units digit of 410?
0
What is the hundreds digit of 2278?
2
What is the tens digit of 538?
3
What is the tens digit of 18224?
2
What is the thousands digit of 5352?
5
What is the units digit of 960?
0
What is the ten thousands digit of 143702?
4
What is the tens digit of 1321?
2
What is the units digit of 1426?
6
What is the tens digit of 706?
0
What is the hundreds digit of 75678?
6
What is the hundreds digit of 269?
2
What is the ten thousands digit of 11140?
1
What is the units digit of 13934?
4
What is the units digit of 5278?
8
What is the hundreds digit of 32230?
2
What is the units digit of 11234?
4
What is the units digit of 15337?
7
What is the thousands digit of 11319?
1
What is the thousands digit of 31928?
1
What is the tens digit of 515?
1
What is the tens digit of 9903?
0
What is the thousands digit of 9760?
9
What is the tens digit of 7457?
5
What is the units digit of 52299?
9
What is the ten thousands digit of 77081?
7
What is the hundreds digit of 1780?
7
What is the units digit of 33262?
2
What is the hundreds digit of 801?
8
What is the ten thousands digit of 36224?
3
What is the hundreds digit of 16065?
0
What is the hundreds digit of 28162?
1
What is the ten thousands digit of 36249?
3
What is the tens digit of 71858?
5
What is the units digit of 37946?
6
What is the tens digit of 48487?
8
What is the units digit of 1170?
0
What is the hundreds digit of 9594?
5
What is the tens digit of 112?
1
What is the units digit of 3446?
6
What is the thousands digit of 22709?
2
What is the tens digit of 11324?
2
What is the thousands digit of 16712?
6
What is the thousands digit of 51347?
1
What is the hundreds digit of 50948?
9
What is the hundred thousands digit of 103706?
1
What is the ten thousands digit of 17270?
1
What is the hundreds digit of 4946?
9
What is the thousands digit of 10100?
0
What is the thousands digit of 2774?
2
What is the units digit of 9390?
0
What is the tens digit of 846?
4
What is the ten thousands digit of 27032?
2
What is the thousands digit of 15234?
5
What is the thousands digit of 7109?
7
What is the tens digit of 21570?
7
What is the thousands digit of 61411?
1
What is the thousands digit of 3077?
3
What is the hundreds digit of 62081?
0
What is the hundreds digit of 695?
6
What is the ten thousands digit of 12031?
1
What is the units digit of 4767?
7
What is the thousands digit of 7577?
7
What is the hundreds digit of 3839?
8
What is the thousands digit of 1520?
1
What is the hundreds digit of 5233?
2
What is the units digit of 1035?
5
What is the tens digit of 77394?
9
What is the tens digit of 3716?
1
What is the tens digit of 977?
7
What is the thousands digit of 40385?
0
What is the units digit of 13721?
1
What is the tens digit of 97140?
4
What is the tens digit of 9152?
5
What is the ten thousands digit of 19293?
1
What is the units digit of 382?
2
What is the hundreds digit of 49013?
0
What is the tens digit of 6260?
6
What is the hundreds digit of 2912?
9
What is the thousands digit of 7321?
7
What is the hundreds digit of 445?
4
What is the hundreds digit of 3186?
1
What is the hundreds digit of 4830?
8
What is the units digit of 10196?
6
What is the thousands digit of 11309?
1
What is the tens digit of 9929?
2
What is the tens digit of 2644?
4
What is the units digit of 9356?
6
What is the units digit of 74265?
5
What is the units digit of 8611?
1
What is the units digit of 16141?
1
What is the tens digit of 8070?
7
What is the tens digit of 1417?
1
What is the thousands digit of 1051?
1
What is the hundreds digit of 1808?
8
What is the hundreds digit of 7053?
0
What is the hundreds digit of 663?
6
What is the ten thousands digit of 37338?
3
What 